 3 + f. What is the remainder when 49 is divided by o?
10
Let k(b) = 49*b**2 + 4*b. Calculate the remainder when k(-3) is divided by 14.
9
What is the remainder when 61 is divided by 1/9 - 2198/(-63)?
26
Suppose -g + 3*o + 1 = 5, -3*g = -3*o - 6. Let y(u) = u**3 + 3*u**2 + 2*u + 2. Let i be y(-2). What is the remainder when g is divided by i + (0 - (2 + -2))?
1
Let a(u) = -u**3 - 9*u**2 + 12*u + 18. Let x be a(-10). Calculate the remainder when x*1/11 + (-1416)/(-44) is divided by 18.
14
Let q(r) = -r + 19. Let y be q(0). Let d = -14 + y. Let u(z) = z**2 + 3*z - 6. Calculate the remainder when u(d) is divided by 9.
7
Let k = -320 + 323. What is the remainder when 4/(-2) + 42/6 is divided by k?
2
Let p(n) = n**2 + 5*n - 5. Let k be p(-6). Let t = 84 + -22. What is the remainder when t is divided by k + 0 + 17 + -2?
14
Let n(g) = g - 10. Let x be n(14). Suppose -2 - x = -2*y. Suppose h - q - 6 = 8, y*q + 51 = 4*h. What is the remainder when 24 is divided by h?
6
Let s be (15 - 12) + (-1)/(-1). Suppose s*n - 25 - 51 = 0. Calculate the remainder when 37 is divided by n.
18
What is the remainder when 48 is divided by 25 - -5 - (-2 + 0)?
16
Let k(s) = -3*s**2 - 77*s + 18. Calculate the remainder when k(-16) is divided by 81.
77
Let k(y) = 5*y - 5. Calculate the remainder when k(2) is divided by 18/(-4)*(-8)/12.
2
Suppose -98 = -3*j - d, 39*j - 36*j - 2*d = 83. Calculate the remainder when j is divided by 17.
14
Suppose 112 = -26*b + 1854. What is the remainder when b is divided by 22?
1
Let m(i) = i**2 - 11*i - 9. Let f be m(12). Suppose 4*x - 92 = -5*y, -3*y + 2*y + f*x + 7 = 0. What is the remainder when 43 is divided by y?
11
Suppose 4*v + 4*n - 10 = 70, 3*v = 4*n + 67. Suppose i + 2*s = -5 + 29, -i = -5*s - 10. What is the remainder when v is divided by i/(-20)*-11*1?
10
Let c(h) = -h + 4. Let p be c(8). Let v be 1/(p/4) + -11. Calculate the remainder when 65 is divided by -4*(-1 - (-39)/v).
14
Let d(a) be the third derivative of -5*a**4/24 - 9*a**2. What is the remainder when 8 is divided by d(-1)?
3
Suppose 2*h - 58 = -4*x, 48 = 3*x - 2*h - h. Calculate the remainder when (2 - -3 - 3) + x*9 is divided by 37.
26
Let q(s) = -s**3 - 16*s**2 - 2*s - 29. Let l be q(-16). Suppose b + 2 = 3*t - l*b, 5*t = -5*b + 50. What is the remainder when 29 is divided by t?
5
What is the remainder when 237 is divided by (3 + (-235)/(-15))*(-54)/(-21)?
45
What is the remainder when 1063 is divided by (0 - (-1)/2) + 891/22?
38
Suppose 0 = -4*i + 2*a + 34, 0*a + 2 = -3*i - 4*a. Let z be 3 + (40/60)/((-1)/(-36)). Calculate the remainder when (56/i)/(6/z) is divided by 11.
9
Let q = -9 + 6. Let o be (2 + q)/((-1)/10). Suppose 0*r + r - 1 = 0, -o = -5*v + 5*r. Calculate the remainder when 10 is divided by v.
1
Let q(a) = a**3 - 6*a**2 - 50*a + 320. Calculate the remainder when 286 is divided by q(8).
46
Suppose 15 - 41 = -2*j. Suppose -2*s - 4 = 5*d + 13, -2*d - 6 = s. What is the remainder when (0 - (11 - 1))*d is divided by j?
11
Let p = 298 - 246. Calculate the remainder when p is divided by 17.
1
Let m = 9 - -35. Suppose -47*t + m*t + 162 = 0. Calculate the remainder when t is divided by 14.
12
Suppose -5*f - r + 1998 = -4*r, -1595 = -4*f - r. Calculate the remainder when f is divided by 40.
39
Let t be (1*-1)/1 + 15. Suppose -3*u + i - 13 - 7 = 0, 5*u + i = -28. Let r = u + t. Calculate the remainder when 14 is divided by r.
6
Suppose 0 = -k + 3*k. Suppose 0 = -4*u - 2*i + 6*i + 64, 4*u + 4*i - 32 = k. Calculate the remainder when 93 is divided by u.
9
Let y(d) = d**3 + 12*d**2 - 17*d + 6. Let n(g) = -g**3 - 6*g**2 + 4*g + 11. Let v be n(-6). Calculate the remainder when y(v) is divided by 31.
27
Let o be (-10)/35 - 710/14. Let d = -17 - o. Let f = d + 53. Calculate the remainder when f is divided by 15.
12
Let w(q) = q - 2. Let z be w(-12). Let i be 8/(-4) - z - 1. Let g(x) = x + 2. What is the remainder when 49 is divided by g(i)?
10
Let k(h) = -2*h**3 + 106*h**2 + 4*h + 13. What is the remainder when k(53) is divided by 19?
16
Suppose m - 4*d = 31, 3*m - d = 2*m + 37. Calculate the remainder when 65 is divided by 3*(m/9 - -3).
21
Suppose 4*q - 48 = -k - 0, -4*q = -5*k + 288. What is the remainder when 167 is divided by k?
55
Let w(u) = 2*u**3 - 11*u**2 + 2*u + 3. Calculate the remainder when 161 is divided by w(6).
8
Suppose 747*i - 752*i + 280 = 0. Let r = -3 + 19. Calculate the remainder when i is divided by r.
8
Let j = -100 - -83. Let p(s) = s**2 + 13*s - 18. Calculate the remainder when 98 is divided by p(j).
48
Let n(s) = 45*s + 249. What is the remainder when 380 is divided by n(-5)?
20
Suppose 0 = 3*s + g - 18, -s - 4*g = -g + 2. Suppose 22*m = s*m + 180. What is the remainder when 33 is divided by m?
9
Let v = 12 + -12. Suppose v = 8*f + 8. Calculate the remainder when 53 is divided by (f/3)/(11/(-594)).
17
Let c = 621 - 587. What is the remainder when 68 is divided by c?
0
Suppose 2*h + u - 151 = 0, h + 0*h + u = 73. Calculate the remainder when h is divided by 17.
10
Suppose -2*m - 1917 = -11*m. Let c = -100 + m. Calculate the remainder when c is divided by 29.
26
Let y(c) = -c**3 - c**2 + c. Let j(w) = 3*w**3 - 5. Let h(t) = -j(t) - 2*y(t). Suppose 8*g + 33 - 9 = 0. Calculate the remainder when h(g) is divided by 19.
18
Let t = 56 + 59. Suppose -4*m + 53 = 4*r - t, 3*r + 150 = 3*m. Calculate the remainder when m is divided by 12.
10
Suppose -w + 6*w = 590. Suppose -3*c = -4*d - 0*d - 113, 3*c = 5*d + w. Let m = 26 - 10. Calculate the remainder when c is divided by m.
15
Suppose 0*w - w - 4*f + 31 = 0, 2*f = -8. Calculate the remainder when 186 is divided by w.
45
Let u(q) = 2*q**2 + 96*q - 186. What is the remainder when 69 is divided by u(-50)?
13
Suppose 4*l - 20 = 0, 3*l + l = 3*j - 133. What is the remainder when j is divided by 24?
3
Let o(x) = 35*x**2 + x + 1. Let d be o(1). Suppose 2*l + d = 193. What is the remainder when l is divided by 16?
14
Let q(g) = -20*g - 4. Suppose 5*s = -2 - 8. Let o = 7 + 3. Calculate the remainder when q(s) is divided by o.
6
Let r(k) = -k**3 - 8*k**2 + 6*k - 6. Let v(t) = -4*t**3 + t**2 + 6*t + 11. What is the remainder when r(-10) is divided by v(-2)?
29
Let s = -285 - -317. Calculate the remainder when 80 is divided by s.
16
Suppose 4*u - 3*p = 83, 0*p - 4*p + 127 = 5*u. Let f be (-5 - -4)*(-33)/1. Let a = f - 20. What is the remainder when u is divided by a?
10
Suppose -8*g = -3*g - 135. Let s(y) = -5*y + 24. Let x = -36 - -25. What is the remainder when s(x) is divided by g?
25
Let d(w) = w**2 - w - 19. Let x = 0 + 5. What is the remainder when 1 is divided by d(x)?
0
Suppose -2*g - 30 = -5*l, -5*l = -0*g + 4*g. Suppose l*h = 20, h = -5*f - h - 1905. What is the remainder when f/(-7) + (-4)/(-14) is divided by 14?
13
Suppose 69*x = 54*x + 225. Let v = 0 + 1. Suppose -v + 33 = 4*d. Calculate the remainder when x is divided by d.
7
Let v = 51 - -99. Let d(m) = -3*m**3 + 12*m**2 + 12*m - 5. Let y be d(5). What is the remainder when 17 is divided by (4/(-5))/(y/v)?
5
Let s = -33 + 22. Let r = s + 34. Calculate the remainder when r is divided by 13.
10
Let x(u) = u**2 - 7*u + 5. Let m be x(3). What is the remainder when 0/m - (-50)/2 is divided by 7?
4
Suppose 0 = -2*q + 28 + 50. Let j = -29 + q. Calculate the remainder when 28 is divided by j.
8
Let j(g) = -15*g + 3. Let d be j(-5). Suppose 2*o = -4*o + d. What is the remainder when 36 is divided by o?
10
Let z(h) = -23*h + 102. What is the remainder when 307 is divided by z(4)?
7
Let d = 81 + -52. Let o = d + 28. What is the remainder when o is divided by 20?
17
Suppose -41*z = -b - 42*z + 99, 3*b - 302 = -4*z. Calculate the remainder when 368 is divided by b.
86
Suppose -6 = -h - h. Suppose h*t = -4*p - 336 + 80, 0 = -2*p - 4*t - 128. Let g = p - -92. What is the remainder when g is divided by 6?
4
Let s(p) = -3*p + 19. Let u(m) = 10*m - 58. Let v(n) = 7*s(n) + 2*u(n). Let r = 10 + -2. What is the remainder when v(-11) is divided by r?
4
Let i be (-3)/5 + (-39)/(-15). Let p be -1 - ((-9)/3 + i). Suppose o - 3*o - 5*v - 7 = 0, p = 4*v + 20. What is the remainder when 25 is divided by o?
7
Suppose 35*p - 1288 = 21*p. Calculate the remainder when 827 is divided by p.
91
Let i = 2793 + -2729. What is the remainder when i is divided by 40?
24
Suppose 4*f - 2*